tor of w and 32.
8
Suppose -2788 = -5*v - o, 4*v + 578*o - 2234 = 579*o. Calculate the greatest common divisor of 138 and v.
6
Suppose 4*c - 4*m + 1230 = -782, -3*c - 5*m = 1501. Let d = c - -534. Calculate the highest common divisor of 24 and d.
8
Let r(j) = 13*j**2 + 45*j - 67. Let l(x) = -11*x**2 - 44*x + 68. Let h(o) = 7*l(o) + 6*r(o). Let z be h(37). Calculate the highest common factor of z and 111.
37
Let m(o) = 5*o - 19. Let z be m(11). Suppose a = -3*n + z, 0 = 4*a - n - n - 116. Let j = a - 8. Calculate the highest common divisor of 55 and j.
11
Let m = 2013 + -2007. What is the greatest common divisor of 786 and m?
6
Let g = -430 - -430. Suppose -3*q - t + 424 = g, -704 = -5*q - 0*q - 3*t. Calculate the highest common factor of q and 71.
71
Suppose 2*s + 4*b - 58 = 40, b = -3*s + 137. Let o = 675 - 675. Suppose o = -48*u - 49 + 289. What is the greatest common factor of u and s?
5
Let x = -11685 - -11902. What is the greatest common divisor of x and 248?
31
Let m = 2633 - 2456. Calculate the highest common divisor of 413 and m.
59
Suppose 0 = -24*b + 27*b + 6. Let k be 9 - (-4)/((-2)/b). Let z(w) = -9*w + 21. Let f be z(-2). What is the greatest common factor of k and f?
13
Let m be -19*(-38)/(-3249) - 1/(9/(-488)). Calculate the highest common divisor of m and 1971.
27
Let l be (2 + -2 - -9)/(7/259). Let r = l + -324. Calculate the highest common factor of r and 39.
3
Let o = -4680 - -4856. Calculate the highest common factor of 374 and o.
22
Let w = 2523 - 2361. What is the greatest common divisor of 24 and w?
6
Let a(m) = -m**3 - 11*m**2 + 28*m + 1. Let x be a(-13). Let d = 35 + x. Suppose d*u - 6*u - 108 = 0. Calculate the greatest common divisor of 135 and u.
27
Let w be 3/18*2 - 2717/(-57). Let l be 128/(-12)*(-306)/4*1. Calculate the greatest common factor of w and l.
48
Let c = 5453 - 2779. Calculate the highest common divisor of 56 and c.
14
Let n be 4 + 1 + 5/5. Suppose b = n*b - 25. Suppose -5*p + p = -8. What is the highest common divisor of p and b?
1
Let r be (-286)/(-39)*(-1 - -4). Let p(m) = m**3 + 31*m**2 + 58*m + 2. Let k be p(-29). Let n = 0 + k. Calculate the highest common factor of n and r.
2
Let s(t) = 7*t - 15. Let q be s(12). Suppose -d - d = -4*b - 276, 3*d = b + q. Let c = b + 74. Calculate the highest common divisor of c and 2.
1
Let j be 758/(-3032) + (-17)/(-4) + -2. What is the highest common factor of j and 2126?
2
Let c be (8/(-6) + 1)/(6/(-306)). Let n(q) = 10 - c*q + 8*q + 8*q + 3*q**2. Let p be n(-5). What is the greatest common divisor of p and 18?
18
Let q be 147/((-45)/(-60)*(4 + 0) - 0). Calculate the greatest common divisor of 4137 and q.
7
Suppose -5*n = 5, n = j - 4*n + 55. Let u be 1*(-4)/(-18)*(-270)/j. Calculate the highest common factor of 8 and u.
1
Let i = 4405 + -2166. Suppose 0 = -2243*l + i*l + 96. What is the greatest common divisor of l and 1584?
24
Suppose -27*s = -1322 + 809. Calculate the highest common factor of s and 10963.
19
Let h(j) = j + 5. Let b be h(-2). Let t(a) = 4*a**3 - a - 1. Let v be t(b). Suppose -v = 5*p - 6*p. Calculate the highest common factor of 26 and p.
26
Suppose 0 = -7*b + 153 + 162. Let a = -57 - -96. Suppose -5*m + 94 = z, 29 = 4*m - z - a. Calculate the greatest common factor of b and m.
9
Suppose -4*j = 2*x + 94 - 552, -2*j + 7*x + 77 = 0. Suppose 1361 = 3*r + 521. Calculate the highest common divisor of j and r.
35
Let c = -4637 + 5069. What is the highest common divisor of c and 4428?
108
Suppose -5*u = -2*j + j + 54, -j = 2*u - 40. Suppose 0 = 6*x - 4*x - j. Let h = x + -5. Calculate the greatest common factor of h and 17.
17
Suppose 6677 = 7*l + 1091. Suppose 689*g = 684*g + 70. Calculate the highest common divisor of l and g.
14
Suppose -4*x = -x - 12*a - 372, -2*x + 270 = 3*a. Suppose -215 = 2*f + s, -440 = 5*f - 3*s + 92. Let u = f + x. What is the greatest common factor of u and 275?
25
Suppose -17*j + 60 = -14*j. Suppose 3*r - 5*o - 116 = 0, -3*o - 2*o - j = 0. Calculate the greatest common divisor of r and 864.
32
Suppose 3*z = -2*l - l + 27, -5*z - 2*l + 30 = 0. Suppose -3*m - 3*p = -12, 6*m - 3*m + z*p = 12. Calculate the greatest common factor of 4 and m.
4
Let t(d) = 61*d + 7. Let n be t(1). Let v = 21 + -4. Calculate the greatest common divisor of n and v.
17
Suppose -42*a - 144 + 600 = -216. Suppose 2*u - 117 = -29. Calculate the highest common divisor of a and u.
4
Let q be (4/10 - (-161)/35) + 70. Suppose -3*g + 177 = q. Calculate the greatest common divisor of 153 and g.
17
Suppose -1009601 = -133*o + 1072248. What is the greatest common factor of o and 11?
11
Let d be -11 + 9 + 259/(-1) + 0. Let y = 454 - d. Let v = -507 + y. Calculate the highest common factor of v and 26.
26
Suppose 123*f + 1421 - 287 = 177*f. What is the greatest common factor of 973 and f?
7
Let p be 17*1 - (-1 + 3). Suppose 2*n = -3 + p. Let x = 2352 + -2350. What is the greatest common factor of x and n?
2
Let z be (28/(-10))/(2/60). Let m be (-2)/12*-2 + (-155372)/z. Let j be m/14 - (-3)/(-21). Calculate the greatest common divisor of 12 and j.
12
Suppose 6*x - 247 = -19. Let n be ((-95)/x)/((-1)/18). What is the highest common divisor of 75 and n?
15
Let b = -360 + 362. Let p be (6/75*-5)/(b/(-50)). What is the greatest common factor of p and 710?
10
Let w = 729 + -329. Suppose -v = 5*n - 400, -3*v + 5*v = -5*n + w. Suppose 0*s - 2*s = -80. What is the highest common factor of s and n?
40
Let d(t) = -10*t + 68. Suppose 5*u - 10*u = 0. Let a be d(u). Suppose -x + 52 + a = 0. What is the highest common factor of 30 and x?
30
Let y = 40694 + -28808. Calculate the greatest common factor of y and 42.
42
Let r = -217 + 85. Let y be (-1558)/(-8) - 165/r. Calculate the highest common divisor of 28 and y.
28
Let c(p) = -2675*p + 925. Let m be c(-3). What is the highest common factor of 50 and m?
50
Let z = -35971 - -36011. What is the greatest common factor of 5620 and z?
20
Let i(d) = d + 19*d + 5 - 45. Let l be i(4). Calculate the greatest common factor of 32 and l.
8
Suppose 4*x - 140 = 2*q - 4*q, q - 62 = 2*x. Suppose 3*u + q = 4*u. What is the highest common factor of u and 22?
22
Let z(a) be the second derivative of a**4/12 + 2*a**3 - 10*a**2 + 32*a. Let f be z(-14). Suppose -y = -f - 9. Calculate the highest common divisor of 51 and y.
17
Let y be 9/(-5)*20/(-12). Let k be (-5)/y - ((-8)/3 - -3). Let a be (-714)/(-18) - k/(-3). What is the greatest common factor of 13 and a?
13
Let n(w) = -535*w - 1765. Let s be n(-7). Calculate the greatest common factor of s and 240.
60
Suppose 2 = h + 5. Let i = 6 + h. Suppose -k + 40 = s, -5*s + i*k + 99 + 61 = 0. Calculate the highest common factor of 7 and s.
7
Suppose 0 = -6*b + 4*b + 16. Suppose -3*j + 19 = -b. What is the highest common factor of 117 and j?
9
Let o be (32/(-6))/8 + 344/12. Let a = 137 + o. Calculate the highest common factor of a and 99.
33
Suppose -3*j + 3*x - 159 = 0, -4*x + 19 - 57 = j. Let p = 211 + j. Calculate the highest common factor of 46 and p.
23
Suppose -33*k + 1208 + 4 - 24 = 0. What is the greatest common divisor of k and 4050?
18
Let x(f) = f**2 - 5*f + 9. Let k be x(9). Suppose -4*a + k = a. Suppose -3 = -q + a. Calculate the highest common divisor of q and 120.
12
Suppose 0 = 4*x - 9 - 27. Let i(r) = r + 8. Let q be i(x). Suppose -q*j + 135 = -341. Calculate the greatest common factor of 70 and j.
14
Let y = 9531 + -9530. What is the highest common factor of 3495 and y?
1
Suppose 0 = 7*a - a + 7557 - 39795. Calculate the greatest common factor of a and 18.
9
Let s = 11 - 7. Suppose -26*p + 61*p = 770. Calculate the highest common divisor of s and p.
2
Suppose -529 = -5*w + 686. Let i = 11 + -10. Let r = i + 26. What is the greatest common factor of w and r?
27
Let d(w) = -35 + 53 + 10 - 2*w + 33. Let r be d(14). What is the greatest common factor of r and 132?
33
Suppose -43 + 79 = 12*b. Suppose b*a - 334 = -301. Calculate the highest common divisor of 319 and a.
11
Let z = -57 - -63. Suppose 0 = -4*c + c - z. Let d be 126/((-5)/10*c). Calculate the highest common divisor of 21 and d.
21
Suppose 0 = -r + 25 + 83. Suppose 899*w = 2*s + 902*w - 39, 2*s = -4*w + 48. What is the highest common factor of s and r?
6
Let v = -2 + 3. Let y(i) = -11*i**2 - 4*i + 4. Let q be y(v). Let g 